tor of r and g?
20
Let c(u) = u**3 + 10*u**2 + 11*u + 2. Let f be c(-9). Let i = -9 - f. Calculate the highest common factor of i and 7.
7
Suppose -2*j + 4*z + z = 0, 3*j = -5*z + 50. Let u(f) = -3*f + 4 - 3*f**2 - f + f**3 - 2 - 7. Let t be u(5). What is the highest common divisor of t and j?
5
Suppose 5*m - 68 - 22 = 0. Suppose 5*i + 0*i = 40. Suppose f - m = -5*a + 4*a, -2*f = i. What is the highest common factor of a and 22?
22
Let d(p) = 5*p**2 - p - 21. Let n be d(5). Calculate the greatest common factor of 11 and n.
11
Suppose s + 3*s + o = 75, -3*o + 54 = 3*s. Calculate the greatest common divisor of s and 95.
19
Suppose 0 = -z + 5*c + 22 - 0, 0 = 5*z - 3*c - 22. Suppose z*w = 35 + 145. Calculate the highest common divisor of 10 and w.
10
Let d be 15*(320/(-3))/(-8). Calculate the greatest common factor of d and 80.
40
Suppose 5*z + 15 = 235. Let m be -11 + 8 + (z - 1). Calculate the greatest common factor of 5 and m.
5
Suppose 336 = 4*n - 4*a, -n - a + 96 = a. Calculate the highest common divisor of 11 and n.
11
Suppose 0 = -2*w + 5*f + 84, 4*f - 107 - 5 = -4*w. Calculate the greatest common divisor of w and 4.
4
Suppose 20 = 5*v - 15. Let c = v + -7. Suppose c*y + y = 27. What is the greatest common factor of y and 3?
3
Let l be (2 + -32)*(-8)/10. What is the highest common divisor of 12 and l?
12
Let c(s) = s**2 - s - 2. Let n be c(2). Suppose -17 = -r - 5*w - 2, -r - w + 7 = n. What is the highest common factor of 15 and r?
5
Let i(o) = -o**2 + 4*o - 4. Let z be i(3). Let s be 3/z - 40/(-5). What is the greatest common factor of s and 20?
5
Let h = 160 + -120. Suppose -j - 5*v = -11 - 3, -5*j + 4*v = -12. Suppose -2*x - 16 = -j*x. Calculate the greatest common divisor of h and x.
8
Let r = -12 - -34. Calculate the highest common divisor of 33 and r.
11
Let s be 70/4 - (-1)/(-2). Suppose -2*t - 5*p - 669 = 0, 5*p + 1503 - 170 = -4*t. Let x = -179 - t. What is the greatest common factor of x and s?
17
Let q = 11 + 25. What is the greatest common divisor of q and 48?
12
Let o be (-3)/1*(-1 - 1). Suppose -4*a - a + 15 = 0. Suppose g - a = 15. What is the highest common divisor of o and g?
6
Let v(q) = -8*q - 7. Let o be v(-11). Calculate the highest common factor of 9 and o.
9
Suppose -p = -689 + 99. What is the highest common divisor of 59 and p?
59
Let k be (-4)/(-14) - (-9)/(-7). Let m be 102/(3 + k) - 1. Calculate the greatest common divisor of m and 10.
10
Let c = 14 - 15. Let z(h) = -14*h - 1. Let b be z(c). Suppose -s + 108 = -35. Calculate the highest common factor of s and b.
13
Suppose 3*l - 15 = -0*l. Let c(k) = -k**3 + 4*k**2 + 7*k - 3. Let i be c(l). Calculate the greatest common divisor of i and 63.
7
Let n be (-13)/(-52) - (-166)/8. Calculate the greatest common divisor of 3 and n.
3
Suppose -4*t + 70 = -182. Suppose -3*l = -l + 16. Let v = l + 17. What is the greatest common factor of t and v?
9
Let m be (-493)/(-9) + 28/126. What is the greatest common factor of m and 11?
11
Let k = 36 - -20. Let c = 5 + 0. Suppose 0 = 2*w + 2*a - 14, w + c*a - 1 = 2. Calculate the highest common factor of k and w.
8
Let h = 119 + -63. What is the highest common factor of h and 7?
7
Let u(v) = v**3 + 2*v**2 - 2. Let y be u(-2). Let l be y/9 + 22/18. What is the highest common factor of 4 and l?
1
Let h = -11 - -20. Suppose 4*d + 0*t = 5*t + 5, 0 = 3*d - 2*t - h. What is the highest common divisor of 10 and d?
5
Suppose 176 = 4*k + 16. Suppose 5*l = -k + 175. What is the highest common divisor of l and 108?
27
Let z(p) = p + 3. Let r be z(-3). Let i be 1*2 + (r - -2). Calculate the highest common factor of 12 and i.
4
Suppose -f - 6 = -9. Let j be (f + (-30)/9)*3. Let t be j/4*5*-4. What is the highest common factor of t and 40?
5
Let t = 119 - 49. Let k be 5*3/5 + 5 + 20. What is the highest common factor of t and k?
14
Let w = -19 + 39. What is the highest common divisor of 5 and w?
5
Suppose o - 396 = -5*o. What is the greatest common divisor of 22 and o?
22
Suppose -3*n + m + 20 = -0*n, -n + 5*m - 12 = 0. Calculate the highest common factor of n and 16.
8
Suppose -3*u = -0*u - 588. Suppose -w - 56 = 2*x, -w + 59 = 5*x + u. Let n = -9 - x. What is the highest common divisor of 54 and n?
18
Suppose 2*j + 3*j - 60 = 0. Suppose 5*w + 2*l + 25 = -3*l, 2*l - 2 = 0. Let q = 30 - w. What is the greatest common factor of j and q?
12
Let y be 2 - (-6)/((-4)/(-2)). Suppose 0 = -i + 5*d + 23, 0 = y*i + 2*d - 89 - 53. What is the greatest common divisor of 42 and i?
14
Let d(c) = -c + 7. Let b be d(7). Let y be b/2 - (-4 - 4). Let x = 15 - 7. What is the greatest common factor of x and y?
8
Let d be -2*(44/(-8) + -2). Let y = -32 + 77. What is the greatest common divisor of d and y?
15
Suppose 0*t + 22 = -2*t - y, y = -t - 13. Let s = 15 + t. Let x = 0 + 2. Calculate the highest common factor of x and s.
2
Let r be (-5)/1*(-33)/15. Let y = -6 + r. Suppose -3*g = -7*g, -g = -y*n + 275. Calculate the greatest common divisor of n and 22.
11
Let f = 21 + -10. Suppose 5*c - 14 = -h, 2*c + 5*h - 35 = -f. Calculate the highest common factor of c and 6.
2
Let n(c) = c**2 - 10*c - 18. Let v be n(12). Calculate the highest common factor of v and 24.
6
Let o = 33 - 20. Let s = -6 + o. Let d be 2512/28 + 2/s. What is the highest common factor of d and 10?
10
Let m = 215 + -115. Suppose -5*u + m = 5*t, -5*t = -2*t - u - 76. Calculate the highest common factor of t and 3.
3
Let v = 181 - 46. Calculate the highest common divisor of 30 and v.
15
Let w be 12/2*2/4. Suppose 2*r = 4*r + w*h - 241, -5*r = -4*h - 591. Calculate the greatest common factor of r and 17.
17
Let k be 10/(1 + 2/(-6)). Let a(c) = -8*c - 11. Let f(o) = o**3 - 5*o**2 + 2*o + 1. Let u be f(2). Let h be a(u). What is the highest common divisor of h and k?
15
Let n(h) = -h**2 + 3*h + 4. Let j be n(3). Suppose 49 - 9 = j*v. What is the highest common divisor of v and 40?
10
Let y(z) = -z + 1. Let t be y(-2). Let w be ((-16)/t)/((-12)/18). Calculate the greatest common factor of 24 and w.
8
Let h = -9 - -6. Let l = h + 2. Let c be (-1 - -1)/l - -2. What is the highest common factor of c and 1?
1
Suppose -4*b + 2*x + 12 = 0, 3*b - x + 4 = -6*x. Suppose -b*z + 2*k + 124 = -136, 0 = -3*z - 4*k + 362. What is the greatest common divisor of 18 and z?
18
Let c(p) = 6*p + 9. Let v be c(4). What is the greatest common factor of v and 3?
3
Let p be -3 + 6 + 53 + 0. What is the highest common divisor of p and 8?
8
Let d(p) = -p**3 + p + 2. Let x be d(-2). Suppose 2*c + 2 = x. Suppose -h + 126 = 4*a + 38, -4*h + 58 = 2*a. Calculate the greatest common divisor of c and a.
3
Let t(h) = h**3 - 20*h**2 - 9*h - 28. Let y be t(21). Calculate the greatest common factor of y and 28.
28
Suppose -32 = -4*h + 4. Let l be (-1)/((12/(-27))/4). What is the highest common divisor of l and h?
9
Let y = 63 - 30. Let l(m) = -m**3 - 7*m**2 - m - 8. Let x be l(-7). Let j = 4 + x. What is the highest common divisor of y and j?
3
Let m = 34 + -14. What is the greatest common divisor of 120 and m?
20
Let y = 86 + -60. Let r(g) = 157*g**2 - 2*g + 1. Let w be r(1). Suppose 2*k + w = 6*k. What is the highest common divisor of k and y?
13
Let o be ((-1)/2)/(1/(-4)). Suppose -k - 7 = -0*a - o*a, 18 = 5*a - 3*k. Let l be 1/a - 160/(-15). Calculate the greatest common factor of 55 and l.
11
Let p = 35 - 18. Let x = 32 - p. Let i be 1 - 1 - 6*-15. What is the highest common divisor of x and i?
15
Let u(c) = 25*c - 1. Let m = 2 - -3. Let l be u(m). Let a be 12/42 + l/7. What is the highest common divisor of a and 18?
18
Let p(n) be the third derivative of -1/12*n**4 + 0 + 0*n + 0*n**3 + n**2 + 11/60*n**5. Let k be p(2). What is the greatest common divisor of 16 and k?
8
Let v = 4 + 36. What is the highest common factor of v and 5?
5
Let l = 94 - 59. What is the highest common divisor of l and 5?
5
Let p be (-48 + 44)/(((-4)/(-2))/(-2)). Calculate the highest common divisor of 20 and p.
4
Let w be ((9/(-6))/(-3))/(6/216). Calculate the highest common factor of w and 126.
18
Suppose 15 = -2*d + 7*d. Calculate the greatest common factor of d and 3.
3
Suppose -595 - 329 = -7*q. What is the highest common factor of q and 12?
12
Suppose -21 = 5*c + 14. Let a = 12 - c. What is the highest common factor of 76 and a?
19
Suppose 62 = -4*b - 3*